{"version":"1.0","provider_name":"Memurun Sesi","provider_url":"https:\/\/memurunsesi.net","author_name":"Memurun Sesi Haber Merkezi","author_url":"https:\/\/memurunsesi.net\/index.php\/author\/uniper\/","title":"Ku\u015fadas\u0131'nda 8 Mart kutlamalar\u0131 ba\u015flad\u0131 - Memurun Sesi","type":"rich","width":600,"height":338,"html":"<blockquote class=\"wp-embedded-content\" data-secret=\"xW3q52w4aB\"><a href=\"https:\/\/memurunsesi.net\/index.php\/2025\/03\/06\/kusadasinda-8-mart-kutlamalari-basladi\/\">Ku\u015fadas\u0131&#8217;nda 8 Mart kutlamalar\u0131 ba\u015flad\u0131<\/a><\/blockquote><iframe sandbox=\"allow-scripts\" security=\"restricted\" src=\"https:\/\/memurunsesi.net\/index.php\/2025\/03\/06\/kusadasinda-8-mart-kutlamalari-basladi\/embed\/#?secret=xW3q52w4aB\" width=\"600\" height=\"338\" title=\"&#8220;Ku\u015fadas\u0131&#8217;nda 8 Mart kutlamalar\u0131 ba\u015flad\u0131&#8221; &#8212; Memurun Sesi\" data-secret=\"xW3q52w4aB\" frameborder=\"0\" marginwidth=\"0\" marginheight=\"0\" scrolling=\"no\" class=\"wp-embedded-content\"><\/iframe><script type=\"text\/javascript\">\n\/* <![CDATA[ *\/\n\/*! This file is auto-generated *\/\n!function(d,l){\"use strict\";l.querySelector&&d.addEventListener&&\"undefined\"!=typeof URL&&(d.wp=d.wp||{},d.wp.receiveEmbedMessage||(d.wp.receiveEmbedMessage=function(e){var t=e.data;if((t||t.secret||t.message||t.value)&&!\/[^a-zA-Z0-9]\/.test(t.secret)){for(var s,r,n,a=l.querySelectorAll('iframe[data-secret=\"'+t.secret+'\"]'),o=l.querySelectorAll('blockquote[data-secret=\"'+t.secret+'\"]'),c=new RegExp(\"^https?:$\",\"i\"),i=0;i<o.length;i++)o[i].style.display=\"none\";for(i=0;i<a.length;i++)s=a[i],e.source===s.contentWindow&&(s.removeAttribute(\"style\"),\"height\"===t.message?(1e3<(r=parseInt(t.value,10))?r=1e3:~~r<200&&(r=200),s.height=r):\"link\"===t.message&&(r=new URL(s.getAttribute(\"src\")),n=new URL(t.value),c.test(n.protocol))&&n.host===r.host&&l.activeElement===s&&(d.top.location.href=t.value))}},d.addEventListener(\"message\",d.wp.receiveEmbedMessage,!1),l.addEventListener(\"DOMContentLoaded\",function(){for(var e,t,s=l.querySelectorAll(\"iframe.wp-embedded-content\"),r=0;r<s.length;r++)(t=(e=s[r]).getAttribute(\"data-secret\"))||(t=Math.random().toString(36).substring(2,12),e.src+=\"#?secret=\"+t,e.setAttribute(\"data-secret\",t)),e.contentWindow.postMessage({message:\"ready\",secret:t},\"*\")},!1)))}(window,document);\n\/\/# sourceURL=https:\/\/memurunsesi.net\/wp-includes\/js\/wp-embed.min.js\n\/* ]]> *\/\n<\/script>\n","thumbnail_url":"https:\/\/memurunsesi.net\/wp-content\/uploads\/2025\/03\/AW406122_02.jpg","thumbnail_width":2000,"thumbnail_height":1117,"description":"Ku\u015fadas\u0131&#8217;nda, \u20188 Mart D\u00fcnya Emek\u00e7i Kad\u0131nlar G\u00fcn\u00fc&#8217; kutlamalar\u0131, \u0130bramaki Sanat Galerisi&#8217;nde d\u00fczenlenen bir dizi etkinlikle ba\u015flad\u0131. Ku\u015fadas\u0131 Belediyesi ve \u00e7e\u015fitli sivil toplum kurulu\u015flar\u0131n\u0131n \u00fcye oldu\u011fu \u2018Ku\u015fadas\u0131 Kad\u0131nca&#8217; olu\u015fumunun katk\u0131lar\u0131yla ger\u00e7ekle\u015ftirilen etkinlikte konu\u015fan Belediye Ba\u015fkan Yard\u0131mc\u0131s\u0131 Ay\u015feg\u00fcl Da\u011fl\u0131, &#8220;\u00d6ncelikle ya\u015fam\u0131n her an\u0131nda eme\u011fi olan kad\u0131nlar\u0131m\u0131z iyi ki vars\u0131n\u0131z. T\u00fcm kad\u0131nlar\u0131m\u0131z\u0131n 8 Mart D\u00fcnya Emek\u00e7i Kad\u0131nlar G\u00fcn\u00fc [&hellip;]"}

Kuşadası'nda 8 Mart kutlamaları başladı - Memurun Sesi

<blockquote class="wp-embedded-content" data-secret="xW3q52w4aB"><a href="https://memurunsesi.net/index.php/2025/03/06/kusadasinda-8-mart-kutlamalari-basladi/">Kuşadası&#8217;nda 8 Mart kutlamaları başladı</a></blockquote><iframe sandbox="allow-scripts" security="restricted" src="https://memurunsesi.net/index.php/2025/03/06/kusadasinda-8-mart-kutlamalari-basladi/embed/#?secret=xW3q52w4aB" width="600" height="338" title="&#8220;Kuşadası&#8217;nda 8 Mart kutlamaları başladı&#8221; &#8212; Memurun Sesi" data-secret="xW3q52w4aB" frameborder="0" marginwidth="0" marginheight="0" scrolling="no" class="wp-embedded-content"></iframe><script type="text/javascript">
/* <![CDATA[ */
/*! This file is auto-generated */
!function(d,l){"use strict";l.querySelector&&d.addEventListener&&"undefined"!=typeof URL&&(d.wp=d.wp||{},d.wp.receiveEmbedMessage||(d.wp.receiveEmbedMessage=function(e){var t=e.data;if((t||t.secret||t.message||t.value)&&!/[^a-zA-Z0-9]/.test(t.secret)){for(var s,r,n,a=l.querySelectorAll('iframe[data-secret="'+t.secret+'"]'),o=l.querySelectorAll('blockquote[data-secret="'+t.secret+'"]'),c=new RegExp("^https?:$","i"),i=0;i<o.length;i++)o[i].style.display="none";for(i=0;i<a.length;i++)s=a[i],e.source===s.contentWindow&&(s.removeAttribute("style"),"height"===t.message?(1e3<(r=parseInt(t.value,10))?r=1e3:~~r<200&&(r=200),s.height=r):"link"===t.message&&(r=new URL(s.getAttribute("src")),n=new URL(t.value),c.test(n.protocol))&&n.host===r.host&&l.activeElement===s&&(d.top.location.href=t.value))}},d.addEventListener("message",d.wp.receiveEmbedMessage,!1),l.addEventListener("DOMContentLoaded",function(){for(var e,t,s=l.querySelectorAll("iframe.wp-embedded-content"),r=0;r<s.length;r++)(t=(e=s[r]).getAttribute("data-secret"))||(t=Math.random().toString(36).substring(2,12),e.src+="#?secret="+t,e.setAttribute("data-secret",t)),e.contentWindow.postMessage({message:"ready",secret:t},"*")},!1)))}(window,document);
//# sourceURL=https://memurunsesi.net/wp-includes/js/wp-embed.min.js
/* ]]> */
</script>

Kuşadası&#8217;nda, ‘8 Mart Dünya Emekçi Kadınlar Günü&#8217; kutlamaları, İbramaki Sanat Galerisi&#8217;nde düzenlenen bir dizi etkinlikle başladı. Kuşadası Belediyesi ve çeşitli sivil toplum kuruluşlarının üye olduğu ‘Kuşadası Kadınca&#8217; oluşumunun katkılarıyla gerçekleştirilen etkinlikte konuşan Belediye Başkan Yardımcısı Ayşegül Dağlı, &#8220;Öncelikle yaşamın her anında emeği olan kadınlarımız iyi ki varsınız. Tüm kadınlarımızın 8 Mart Dünya Emekçi Kadınlar Günü [&hellip;]
