{"version":"1.0","provider_name":"Memurun Sesi","provider_url":"https:\/\/memurunsesi.net","author_name":"Memurun Sesi Haber Merkezi","author_url":"https:\/\/memurunsesi.net\/index.php\/author\/uniper\/","title":"Yurtta hava durumu - Memurun Sesi","type":"rich","width":600,"height":338,"html":"<blockquote class=\"wp-embedded-content\" data-secret=\"ErMo3zG2CY\"><a href=\"https:\/\/memurunsesi.net\/index.php\/2025\/04\/01\/yurtta-hava-durumu-2\/\">Yurtta hava durumu<\/a><\/blockquote><iframe sandbox=\"allow-scripts\" security=\"restricted\" src=\"https:\/\/memurunsesi.net\/index.php\/2025\/04\/01\/yurtta-hava-durumu-2\/embed\/#?secret=ErMo3zG2CY\" width=\"600\" height=\"338\" title=\"&#8220;Yurtta hava durumu&#8221; &#8212; Memurun Sesi\" data-secret=\"ErMo3zG2CY\" frameborder=\"0\" marginwidth=\"0\" marginheight=\"0\" scrolling=\"no\" class=\"wp-embedded-content\"><\/iframe><script type=\"text\/javascript\">\n\/* <![CDATA[ *\/\n\/*! This file is auto-generated *\/\n!function(d,l){\"use strict\";l.querySelector&&d.addEventListener&&\"undefined\"!=typeof URL&&(d.wp=d.wp||{},d.wp.receiveEmbedMessage||(d.wp.receiveEmbedMessage=function(e){var t=e.data;if((t||t.secret||t.message||t.value)&&!\/[^a-zA-Z0-9]\/.test(t.secret)){for(var s,r,n,a=l.querySelectorAll('iframe[data-secret=\"'+t.secret+'\"]'),o=l.querySelectorAll('blockquote[data-secret=\"'+t.secret+'\"]'),c=new RegExp(\"^https?:$\",\"i\"),i=0;i<o.length;i++)o[i].style.display=\"none\";for(i=0;i<a.length;i++)s=a[i],e.source===s.contentWindow&&(s.removeAttribute(\"style\"),\"height\"===t.message?(1e3<(r=parseInt(t.value,10))?r=1e3:~~r<200&&(r=200),s.height=r):\"link\"===t.message&&(r=new URL(s.getAttribute(\"src\")),n=new URL(t.value),c.test(n.protocol))&&n.host===r.host&&l.activeElement===s&&(d.top.location.href=t.value))}},d.addEventListener(\"message\",d.wp.receiveEmbedMessage,!1),l.addEventListener(\"DOMContentLoaded\",function(){for(var e,t,s=l.querySelectorAll(\"iframe.wp-embedded-content\"),r=0;r<s.length;r++)(t=(e=s[r]).getAttribute(\"data-secret\"))||(t=Math.random().toString(36).substring(2,12),e.src+=\"#?secret=\"+t,e.setAttribute(\"data-secret\",t)),e.contentWindow.postMessage({message:\"ready\",secret:t},\"*\")},!1)))}(window,document);\n\/\/# sourceURL=https:\/\/memurunsesi.net\/wp-includes\/js\/wp-embed.min.js\n\/* ]]> *\/\n<\/script>\n","description":"Meteoroloji Genel M\u00fcd\u00fcrl\u00fc\u011f\u00fcnden al\u0131nan tahminlere g\u00f6re, \u00fclkemiz genelinin par\u00e7al\u0131 ve \u00e7ok bulutlu, Do\u011fu Anadolu&#8217;nun do\u011fusu, Artvin ve Rize \u00e7evreleri haric aral\u0131kl\u0131 sa\u011fanak ve g\u00f6k g\u00fcr\u00fclt\u00fcl\u00fc sa\u011fanak ya\u011f\u0131\u015fl\u0131 ge\u00e7ece\u011fi tahmin ediliyor. Ya\u011f\u0131\u015flar\u0131n; Ege, Bat\u0131 Akdeniz, G\u00fcneydo\u011fu Anadolu&#8217;nun bat\u0131s\u0131 ile Eski\u015fehir\u2019in g\u00fcneyi, Bal\u0131kesir&#8217;in bat\u0131 il\u00e7eleri, Kahramanmara\u015f ve Elaz\u0131\u011f \u00e7evrelerinde yerel kuvvetli olmas\u0131 bekleniyor. R\u00fczgar\u0131n; Ege, Akdeniz ve [&hellip;]"}

Meteoroloji Genel Müdürlüğünden alınan tahminlere göre, ülkemiz genelinin parçalı ve çok bulutlu, Doğu Anadolu&#8217;nun doğusu, Artvin ve Rize çevreleri haric aralıklı sağanak ve gök gürültülü sağanak yağışlı geçeceği tahmin ediliyor. Yağışların; Ege, Batı Akdeniz, Güneydoğu Anadolu&#8217;nun batısı ile Eskişehir’in güneyi, Balıkesir&#8217;in batı ilçeleri, Kahramanmaraş ve Elazığ çevrelerinde yerel kuvvetli olması bekleniyor. Rüzgarın; Ege, Akdeniz ve [&hellip;]
