{"version":"1.0","provider_name":"Memurun Sesi","provider_url":"https:\/\/memurunsesi.net","author_name":"Memurun Sesi Haber Merkezi","author_url":"https:\/\/memurunsesi.net\/index.php\/author\/uniper\/","title":"Beylikd\u00fcz\u00fc\u2019nde sis etkili oldu - Memurun Sesi","type":"rich","width":600,"height":338,"html":"<blockquote class=\"wp-embedded-content\" data-secret=\"fkEx8L6YNe\"><a href=\"https:\/\/memurunsesi.net\/index.php\/2025\/04\/19\/beylikduzunde-sis-etkili-oldu\/\">Beylikd\u00fcz\u00fc\u2019nde sis etkili oldu<\/a><\/blockquote><iframe sandbox=\"allow-scripts\" security=\"restricted\" src=\"https:\/\/memurunsesi.net\/index.php\/2025\/04\/19\/beylikduzunde-sis-etkili-oldu\/embed\/#?secret=fkEx8L6YNe\" width=\"600\" height=\"338\" title=\"&#8220;Beylikd\u00fcz\u00fc\u2019nde sis etkili oldu&#8221; &#8212; Memurun Sesi\" data-secret=\"fkEx8L6YNe\" frameborder=\"0\" marginwidth=\"0\" marginheight=\"0\" scrolling=\"no\" class=\"wp-embedded-content\"><\/iframe><script type=\"text\/javascript\">\n\/* <![CDATA[ *\/\n\/*! This file is auto-generated *\/\n!function(d,l){\"use strict\";l.querySelector&&d.addEventListener&&\"undefined\"!=typeof URL&&(d.wp=d.wp||{},d.wp.receiveEmbedMessage||(d.wp.receiveEmbedMessage=function(e){var t=e.data;if((t||t.secret||t.message||t.value)&&!\/[^a-zA-Z0-9]\/.test(t.secret)){for(var s,r,n,a=l.querySelectorAll('iframe[data-secret=\"'+t.secret+'\"]'),o=l.querySelectorAll('blockquote[data-secret=\"'+t.secret+'\"]'),c=new RegExp(\"^https?:$\",\"i\"),i=0;i<o.length;i++)o[i].style.display=\"none\";for(i=0;i<a.length;i++)s=a[i],e.source===s.contentWindow&&(s.removeAttribute(\"style\"),\"height\"===t.message?(1e3<(r=parseInt(t.value,10))?r=1e3:~~r<200&&(r=200),s.height=r):\"link\"===t.message&&(r=new URL(s.getAttribute(\"src\")),n=new URL(t.value),c.test(n.protocol))&&n.host===r.host&&l.activeElement===s&&(d.top.location.href=t.value))}},d.addEventListener(\"message\",d.wp.receiveEmbedMessage,!1),l.addEventListener(\"DOMContentLoaded\",function(){for(var e,t,s=l.querySelectorAll(\"iframe.wp-embedded-content\"),r=0;r<s.length;r++)(t=(e=s[r]).getAttribute(\"data-secret\"))||(t=Math.random().toString(36).substring(2,12),e.src+=\"#?secret=\"+t,e.setAttribute(\"data-secret\",t)),e.contentWindow.postMessage({message:\"ready\",secret:t},\"*\")},!1)))}(window,document);\n\/\/# sourceURL=https:\/\/memurunsesi.net\/wp-includes\/js\/wp-embed.min.js\n\/* ]]> *\/\n<\/script>\n","thumbnail_url":"https:\/\/memurunsesi.net\/wp-content\/uploads\/2025\/04\/AW436040_01.jpg","thumbnail_width":1920,"thumbnail_height":1080,"description":"\u0130stanbul Beylikd\u00fcz\u00fc\u2019nde gece saatlerinde etkili olan sis sabah saatlerinde de devam etti. Sis nedeniyle trafikte g\u00f6r\u00fc\u015f zaman zaman d\u00fc\u015ft\u00fc. \u00d6te yandan, trafikte seyir halindeki ara\u00e7lar ise sis alt\u0131nda havadan g\u00f6r\u00fcnt\u00fclendi. Gece ile g\u00fcnd\u00fcz aras\u0131nda ya\u015fanan s\u0131cakl\u0131k fark\u0131ndan dolay\u0131 olu\u015fan hava olay\u0131 sis, Beylikd\u00fcz\u00fc ve B\u00fcy\u00fck\u00e7ekmece \u00e7evrelerinde gece saatlerinden itibaren etkili olmaya ba\u015flad\u0131. Sis, sabah saatlerinde [&hellip;]"}

Beylikdüzü’nde sis etkili oldu - Memurun Sesi

<blockquote class="wp-embedded-content" data-secret="fkEx8L6YNe"><a href="https://memurunsesi.net/index.php/2025/04/19/beylikduzunde-sis-etkili-oldu/">Beylikdüzü’nde sis etkili oldu</a></blockquote><iframe sandbox="allow-scripts" security="restricted" src="https://memurunsesi.net/index.php/2025/04/19/beylikduzunde-sis-etkili-oldu/embed/#?secret=fkEx8L6YNe" width="600" height="338" title="&#8220;Beylikdüzü’nde sis etkili oldu&#8221; &#8212; Memurun Sesi" data-secret="fkEx8L6YNe" frameborder="0" marginwidth="0" marginheight="0" scrolling="no" class="wp-embedded-content"></iframe><script type="text/javascript">
/* <![CDATA[ */
/*! This file is auto-generated */
!function(d,l){"use strict";l.querySelector&&d.addEventListener&&"undefined"!=typeof URL&&(d.wp=d.wp||{},d.wp.receiveEmbedMessage||(d.wp.receiveEmbedMessage=function(e){var t=e.data;if((t||t.secret||t.message||t.value)&&!/[^a-zA-Z0-9]/.test(t.secret)){for(var s,r,n,a=l.querySelectorAll('iframe[data-secret="'+t.secret+'"]'),o=l.querySelectorAll('blockquote[data-secret="'+t.secret+'"]'),c=new RegExp("^https?:$","i"),i=0;i<o.length;i++)o[i].style.display="none";for(i=0;i<a.length;i++)s=a[i],e.source===s.contentWindow&&(s.removeAttribute("style"),"height"===t.message?(1e3<(r=parseInt(t.value,10))?r=1e3:~~r<200&&(r=200),s.height=r):"link"===t.message&&(r=new URL(s.getAttribute("src")),n=new URL(t.value),c.test(n.protocol))&&n.host===r.host&&l.activeElement===s&&(d.top.location.href=t.value))}},d.addEventListener("message",d.wp.receiveEmbedMessage,!1),l.addEventListener("DOMContentLoaded",function(){for(var e,t,s=l.querySelectorAll("iframe.wp-embedded-content"),r=0;r<s.length;r++)(t=(e=s[r]).getAttribute("data-secret"))||(t=Math.random().toString(36).substring(2,12),e.src+="#?secret="+t,e.setAttribute("data-secret",t)),e.contentWindow.postMessage({message:"ready",secret:t},"*")},!1)))}(window,document);
//# sourceURL=https://memurunsesi.net/wp-includes/js/wp-embed.min.js
/* ]]> */
</script>

İstanbul Beylikdüzü’nde gece saatlerinde etkili olan sis sabah saatlerinde de devam etti. Sis nedeniyle trafikte görüş zaman zaman düştü. Öte yandan, trafikte seyir halindeki araçlar ise sis altında havadan görüntülendi. Gece ile gündüz arasında yaşanan sıcaklık farkından dolayı oluşan hava olayı sis, Beylikdüzü ve Büyükçekmece çevrelerinde gece saatlerinden itibaren etkili olmaya başladı. Sis, sabah saatlerinde [&hellip;]
