{"version":"1.0","provider_name":"Memurun Sesi","provider_url":"https:\/\/memurunsesi.net","author_name":"Memurun Sesi Haber Merkezi","author_url":"https:\/\/memurunsesi.net\/index.php\/author\/uniper\/","title":"Adana'da sis etkili oldu - Memurun Sesi","type":"rich","width":600,"height":338,"html":"<blockquote class=\"wp-embedded-content\" data-secret=\"VRA7KRe8ZP\"><a href=\"https:\/\/memurunsesi.net\/index.php\/2025\/04\/21\/adanada-sis-etkili-oldu\/\">Adana&#8217;da sis etkili oldu<\/a><\/blockquote><iframe sandbox=\"allow-scripts\" security=\"restricted\" src=\"https:\/\/memurunsesi.net\/index.php\/2025\/04\/21\/adanada-sis-etkili-oldu\/embed\/#?secret=VRA7KRe8ZP\" width=\"600\" height=\"338\" title=\"&#8220;Adana&#8217;da sis etkili oldu&#8221; &#8212; Memurun Sesi\" data-secret=\"VRA7KRe8ZP\" frameborder=\"0\" marginwidth=\"0\" marginheight=\"0\" scrolling=\"no\" class=\"wp-embedded-content\"><\/iframe><script type=\"text\/javascript\">\n\/* <![CDATA[ *\/\n\/*! This file is auto-generated *\/\n!function(d,l){\"use strict\";l.querySelector&&d.addEventListener&&\"undefined\"!=typeof URL&&(d.wp=d.wp||{},d.wp.receiveEmbedMessage||(d.wp.receiveEmbedMessage=function(e){var t=e.data;if((t||t.secret||t.message||t.value)&&!\/[^a-zA-Z0-9]\/.test(t.secret)){for(var s,r,n,a=l.querySelectorAll('iframe[data-secret=\"'+t.secret+'\"]'),o=l.querySelectorAll('blockquote[data-secret=\"'+t.secret+'\"]'),c=new RegExp(\"^https?:$\",\"i\"),i=0;i<o.length;i++)o[i].style.display=\"none\";for(i=0;i<a.length;i++)s=a[i],e.source===s.contentWindow&&(s.removeAttribute(\"style\"),\"height\"===t.message?(1e3<(r=parseInt(t.value,10))?r=1e3:~~r<200&&(r=200),s.height=r):\"link\"===t.message&&(r=new URL(s.getAttribute(\"src\")),n=new URL(t.value),c.test(n.protocol))&&n.host===r.host&&l.activeElement===s&&(d.top.location.href=t.value))}},d.addEventListener(\"message\",d.wp.receiveEmbedMessage,!1),l.addEventListener(\"DOMContentLoaded\",function(){for(var e,t,s=l.querySelectorAll(\"iframe.wp-embedded-content\"),r=0;r<s.length;r++)(t=(e=s[r]).getAttribute(\"data-secret\"))||(t=Math.random().toString(36).substring(2,12),e.src+=\"#?secret=\"+t,e.setAttribute(\"data-secret\",t)),e.contentWindow.postMessage({message:\"ready\",secret:t},\"*\")},!1)))}(window,document);\n\/\/# sourceURL=https:\/\/memurunsesi.net\/wp-includes\/js\/wp-embed.min.js\n\/* ]]> *\/\n<\/script>\n","thumbnail_url":"https:\/\/memurunsesi.net\/wp-content\/uploads\/2025\/04\/AW437221_01-scaled.jpg","thumbnail_width":2560,"thumbnail_height":1440,"description":"Adana&#8217;da sis etkili oldu, bir s\u00fcre g\u00f6r\u00fc\u015f mesafesi d\u00fc\u015ft\u00fc. Sabah hava s\u0131cakl\u0131\u011f\u0131n\u0131n 20 derece, nem oran\u0131n\u0131n ise y\u00fczde 75 \u00f6l\u00e7\u00fcld\u00fc\u011f\u00fc Adana&#8217;n\u0131n merkez \u00c7ukurova, Seyhan, Y\u00fcre\u011fir ve Sar\u0131\u00e7am il\u00e7eleri sis bulutlar\u0131n\u0131n alt\u0131nda kald\u0131. Sabah\u0131n ilk \u0131\u015f\u0131klar\u0131yla etkili olmaya ba\u015flayan sis nedeniyle kent merkezinin baz\u0131 kesimlerinde g\u00f6r\u00fc\u015f mesafesi d\u00fc\u015ft\u00fc. Bir s\u00fcre sonra sis bulutlar\u0131 etkisini yitirdi. 21.04.2025"}

Adana&#8217;da sis etkili oldu, bir süre görüş mesafesi düştü. Sabah hava sıcaklığının 20 derece, nem oranının ise yüzde 75 ölçüldüğü Adana&#8217;nın merkez Çukurova, Seyhan, Yüreğir ve Sarıçam ilçeleri sis bulutlarının altında kaldı. Sabahın ilk ışıklarıyla etkili olmaya başlayan sis nedeniyle kent merkezinin bazı kesimlerinde görüş mesafesi düştü. Bir süre sonra sis bulutları etkisini yitirdi. 21.04.2025
