{"version":"1.0","provider_name":"Memurun Sesi","provider_url":"https:\/\/memurunsesi.net","author_name":"Memurun Sesi Haber Merkezi","author_url":"https:\/\/memurunsesi.net\/index.php\/author\/uniper\/","title":"Ankara'da sa\u011fanak ve dolu etkili oldu - Memurun Sesi","type":"rich","width":600,"height":338,"html":"<blockquote class=\"wp-embedded-content\" data-secret=\"un1fIc187M\"><a href=\"https:\/\/memurunsesi.net\/index.php\/2025\/05\/07\/ankarada-saganak-ve-dolu-etkili-oldu\/\">Ankara&#8217;da sa\u011fanak ve dolu etkili oldu<\/a><\/blockquote><iframe sandbox=\"allow-scripts\" security=\"restricted\" src=\"https:\/\/memurunsesi.net\/index.php\/2025\/05\/07\/ankarada-saganak-ve-dolu-etkili-oldu\/embed\/#?secret=un1fIc187M\" width=\"600\" height=\"338\" title=\"&#8220;Ankara&#8217;da sa\u011fanak ve dolu etkili oldu&#8221; &#8212; Memurun Sesi\" data-secret=\"un1fIc187M\" frameborder=\"0\" marginwidth=\"0\" marginheight=\"0\" scrolling=\"no\" class=\"wp-embedded-content\"><\/iframe><script type=\"text\/javascript\">\n\/* <![CDATA[ *\/\n\/*! This file is auto-generated *\/\n!function(d,l){\"use strict\";l.querySelector&&d.addEventListener&&\"undefined\"!=typeof URL&&(d.wp=d.wp||{},d.wp.receiveEmbedMessage||(d.wp.receiveEmbedMessage=function(e){var t=e.data;if((t||t.secret||t.message||t.value)&&!\/[^a-zA-Z0-9]\/.test(t.secret)){for(var s,r,n,a=l.querySelectorAll('iframe[data-secret=\"'+t.secret+'\"]'),o=l.querySelectorAll('blockquote[data-secret=\"'+t.secret+'\"]'),c=new RegExp(\"^https?:$\",\"i\"),i=0;i<o.length;i++)o[i].style.display=\"none\";for(i=0;i<a.length;i++)s=a[i],e.source===s.contentWindow&&(s.removeAttribute(\"style\"),\"height\"===t.message?(1e3<(r=parseInt(t.value,10))?r=1e3:~~r<200&&(r=200),s.height=r):\"link\"===t.message&&(r=new URL(s.getAttribute(\"src\")),n=new URL(t.value),c.test(n.protocol))&&n.host===r.host&&l.activeElement===s&&(d.top.location.href=t.value))}},d.addEventListener(\"message\",d.wp.receiveEmbedMessage,!1),l.addEventListener(\"DOMContentLoaded\",function(){for(var e,t,s=l.querySelectorAll(\"iframe.wp-embedded-content\"),r=0;r<s.length;r++)(t=(e=s[r]).getAttribute(\"data-secret\"))||(t=Math.random().toString(36).substring(2,12),e.src+=\"#?secret=\"+t,e.setAttribute(\"data-secret\",t)),e.contentWindow.postMessage({message:\"ready\",secret:t},\"*\")},!1)))}(window,document);\n\/\/# sourceURL=https:\/\/memurunsesi.net\/wp-includes\/js\/wp-embed.min.js\n\/* ]]> *\/\n<\/script>\n","description":"&#8211; Ankara&#8217;da uyar\u0131lar\u0131n ard\u0131ndan sa\u011fanak ve baz\u0131 il\u00e7elerde dolu ya\u011f\u0131\u015f\u0131 etkili oldu. Ankara Valili\u011fi, sosyal medya hesab\u0131ndan il genelinde kuvvetli sa\u011fanak ve g\u00f6k g\u00fcr\u00fclt\u00fcl\u00fc sa\u011fanak ya\u011f\u0131\u015f uyar\u0131s\u0131 yapm\u0131\u015ft\u0131. Yap\u0131lan uyar\u0131n\u0131n ard\u0131ndan \u00f6\u011fle saatlerinden sonra ba\u015flayan ya\u011fmur, Ankara&#8217;n\u0131n Polatl\u0131 il\u00e7esi ba\u015fta olmak \u00fczere bir\u00e7ok il\u00e7ede etkisini k\u0131sa s\u00fcrede g\u00f6sterdi. Baz\u0131 il\u00e7elerde etkili olan dolu ya\u011f\u0131\u015f\u0131 ise [&hellip;]"}

Ankara'da sağanak ve dolu etkili oldu - Memurun Sesi

<blockquote class="wp-embedded-content" data-secret="un1fIc187M"><a href="https://memurunsesi.net/index.php/2025/05/07/ankarada-saganak-ve-dolu-etkili-oldu/">Ankara&#8217;da sağanak ve dolu etkili oldu</a></blockquote><iframe sandbox="allow-scripts" security="restricted" src="https://memurunsesi.net/index.php/2025/05/07/ankarada-saganak-ve-dolu-etkili-oldu/embed/#?secret=un1fIc187M" width="600" height="338" title="&#8220;Ankara&#8217;da sağanak ve dolu etkili oldu&#8221; &#8212; Memurun Sesi" data-secret="un1fIc187M" frameborder="0" marginwidth="0" marginheight="0" scrolling="no" class="wp-embedded-content"></iframe><script type="text/javascript">
/* <![CDATA[ */
/*! This file is auto-generated */
!function(d,l){"use strict";l.querySelector&&d.addEventListener&&"undefined"!=typeof URL&&(d.wp=d.wp||{},d.wp.receiveEmbedMessage||(d.wp.receiveEmbedMessage=function(e){var t=e.data;if((t||t.secret||t.message||t.value)&&!/[^a-zA-Z0-9]/.test(t.secret)){for(var s,r,n,a=l.querySelectorAll('iframe[data-secret="'+t.secret+'"]'),o=l.querySelectorAll('blockquote[data-secret="'+t.secret+'"]'),c=new RegExp("^https?:$","i"),i=0;i<o.length;i++)o[i].style.display="none";for(i=0;i<a.length;i++)s=a[i],e.source===s.contentWindow&&(s.removeAttribute("style"),"height"===t.message?(1e3<(r=parseInt(t.value,10))?r=1e3:~~r<200&&(r=200),s.height=r):"link"===t.message&&(r=new URL(s.getAttribute("src")),n=new URL(t.value),c.test(n.protocol))&&n.host===r.host&&l.activeElement===s&&(d.top.location.href=t.value))}},d.addEventListener("message",d.wp.receiveEmbedMessage,!1),l.addEventListener("DOMContentLoaded",function(){for(var e,t,s=l.querySelectorAll("iframe.wp-embedded-content"),r=0;r<s.length;r++)(t=(e=s[r]).getAttribute("data-secret"))||(t=Math.random().toString(36).substring(2,12),e.src+="#?secret="+t,e.setAttribute("data-secret",t)),e.contentWindow.postMessage({message:"ready",secret:t},"*")},!1)))}(window,document);
//# sourceURL=https://memurunsesi.net/wp-includes/js/wp-embed.min.js
/* ]]> */
</script>

&#8211; Ankara&#8217;da uyarıların ardından sağanak ve bazı ilçelerde dolu yağışı etkili oldu. Ankara Valiliği, sosyal medya hesabından il genelinde kuvvetli sağanak ve gök gürültülü sağanak yağış uyarısı yapmıştı. Yapılan uyarının ardından öğle saatlerinden sonra başlayan yağmur, Ankara&#8217;nın Polatlı ilçesi başta olmak üzere birçok ilçede etkisini kısa sürede gösterdi. Bazı ilçelerde etkili olan dolu yağışı ise [&hellip;]
