{"version":"1.0","provider_name":"Memurun Sesi","provider_url":"https:\/\/memurunsesi.net","author_name":"Memurun Sesi Haber Merkezi","author_url":"https:\/\/memurunsesi.net\/index.php\/author\/uniper\/","title":"Forkliftten d\u00fc\u015fen i\u015f\u00e7i hayat\u0131n\u0131 kaybetti - Memurun Sesi","type":"rich","width":600,"height":338,"html":"<blockquote class=\"wp-embedded-content\" data-secret=\"HIJGxuDum8\"><a href=\"https:\/\/memurunsesi.net\/index.php\/2025\/06\/12\/forkliftten-dusen-isci-hayatini-kaybetti\/\">Forkliftten d\u00fc\u015fen i\u015f\u00e7i hayat\u0131n\u0131 kaybetti<\/a><\/blockquote><iframe sandbox=\"allow-scripts\" security=\"restricted\" src=\"https:\/\/memurunsesi.net\/index.php\/2025\/06\/12\/forkliftten-dusen-isci-hayatini-kaybetti\/embed\/#?secret=HIJGxuDum8\" width=\"600\" height=\"338\" title=\"&#8220;Forkliftten d\u00fc\u015fen i\u015f\u00e7i hayat\u0131n\u0131 kaybetti&#8221; &#8212; Memurun Sesi\" data-secret=\"HIJGxuDum8\" frameborder=\"0\" marginwidth=\"0\" marginheight=\"0\" scrolling=\"no\" class=\"wp-embedded-content\"><\/iframe><script type=\"text\/javascript\">\n\/* <![CDATA[ *\/\n\/*! This file is auto-generated *\/\n!function(d,l){\"use strict\";l.querySelector&&d.addEventListener&&\"undefined\"!=typeof URL&&(d.wp=d.wp||{},d.wp.receiveEmbedMessage||(d.wp.receiveEmbedMessage=function(e){var t=e.data;if((t||t.secret||t.message||t.value)&&!\/[^a-zA-Z0-9]\/.test(t.secret)){for(var s,r,n,a=l.querySelectorAll('iframe[data-secret=\"'+t.secret+'\"]'),o=l.querySelectorAll('blockquote[data-secret=\"'+t.secret+'\"]'),c=new RegExp(\"^https?:$\",\"i\"),i=0;i<o.length;i++)o[i].style.display=\"none\";for(i=0;i<a.length;i++)s=a[i],e.source===s.contentWindow&&(s.removeAttribute(\"style\"),\"height\"===t.message?(1e3<(r=parseInt(t.value,10))?r=1e3:~~r<200&&(r=200),s.height=r):\"link\"===t.message&&(r=new URL(s.getAttribute(\"src\")),n=new URL(t.value),c.test(n.protocol))&&n.host===r.host&&l.activeElement===s&&(d.top.location.href=t.value))}},d.addEventListener(\"message\",d.wp.receiveEmbedMessage,!1),l.addEventListener(\"DOMContentLoaded\",function(){for(var e,t,s=l.querySelectorAll(\"iframe.wp-embedded-content\"),r=0;r<s.length;r++)(t=(e=s[r]).getAttribute(\"data-secret\"))||(t=Math.random().toString(36).substring(2,12),e.src+=\"#?secret=\"+t,e.setAttribute(\"data-secret\",t)),e.contentWindow.postMessage({message:\"ready\",secret:t},\"*\")},!1)))}(window,document);\n\/\/# sourceURL=https:\/\/memurunsesi.net\/wp-includes\/js\/wp-embed.min.js\n\/* ]]> *\/\n<\/script>\n","thumbnail_url":"https:\/\/memurunsesi.net\/wp-content\/uploads\/2025\/06\/AW474255_01.jpg","thumbnail_width":960,"thumbnail_height":960,"description":"Bart\u0131n&#8217;da 2 ay \u00f6nce kau\u00e7uk fabrikas\u0131nda i\u015fe ba\u015flayan 38 ya\u015f\u0131mdaki \u00f6zg\u00fcr \u00c7elik, forkliftten d\u00fc\u015ferek hayat\u0131n\u0131 kaybetti. Bart\u0131n Organize Sanayi B\u00f6lgesi&#8217;ndeki bir kau\u00e7uk fabrikas\u0131nda bak\u0131m personeli olarak \u00e7al\u0131\u015fan 38 ya\u015f\u0131ndaki \u00d6zg\u00fcr \u00c7elik, bak\u0131m\u0131n\u0131 yapt\u0131\u011f\u0131 forkliftten d\u00fc\u015ferek a\u011f\u0131r yaraland\u0131. A\u011f\u0131r yaralanan \u00c7elik, kald\u0131r\u0131ld\u0131\u011f\u0131 Bart\u0131n Devlet Hastanesi&#8217;nde t\u00fcm m\u00fcdahalelere ra\u011fmen kurtar\u0131lamad\u0131. Hayat\u0131n\u0131 kaybeden \u00c7elik&#8217;in bekar oldu\u011fu ve 2 [&hellip;]"}

Forkliftten düşen işçi hayatını kaybetti - Memurun Sesi

<blockquote class="wp-embedded-content" data-secret="HIJGxuDum8"><a href="https://memurunsesi.net/index.php/2025/06/12/forkliftten-dusen-isci-hayatini-kaybetti/">Forkliftten düşen işçi hayatını kaybetti</a></blockquote><iframe sandbox="allow-scripts" security="restricted" src="https://memurunsesi.net/index.php/2025/06/12/forkliftten-dusen-isci-hayatini-kaybetti/embed/#?secret=HIJGxuDum8" width="600" height="338" title="&#8220;Forkliftten düşen işçi hayatını kaybetti&#8221; &#8212; Memurun Sesi" data-secret="HIJGxuDum8" frameborder="0" marginwidth="0" marginheight="0" scrolling="no" class="wp-embedded-content"></iframe><script type="text/javascript">
/* <![CDATA[ */
/*! This file is auto-generated */
!function(d,l){"use strict";l.querySelector&&d.addEventListener&&"undefined"!=typeof URL&&(d.wp=d.wp||{},d.wp.receiveEmbedMessage||(d.wp.receiveEmbedMessage=function(e){var t=e.data;if((t||t.secret||t.message||t.value)&&!/[^a-zA-Z0-9]/.test(t.secret)){for(var s,r,n,a=l.querySelectorAll('iframe[data-secret="'+t.secret+'"]'),o=l.querySelectorAll('blockquote[data-secret="'+t.secret+'"]'),c=new RegExp("^https?:$","i"),i=0;i<o.length;i++)o[i].style.display="none";for(i=0;i<a.length;i++)s=a[i],e.source===s.contentWindow&&(s.removeAttribute("style"),"height"===t.message?(1e3<(r=parseInt(t.value,10))?r=1e3:~~r<200&&(r=200),s.height=r):"link"===t.message&&(r=new URL(s.getAttribute("src")),n=new URL(t.value),c.test(n.protocol))&&n.host===r.host&&l.activeElement===s&&(d.top.location.href=t.value))}},d.addEventListener("message",d.wp.receiveEmbedMessage,!1),l.addEventListener("DOMContentLoaded",function(){for(var e,t,s=l.querySelectorAll("iframe.wp-embedded-content"),r=0;r<s.length;r++)(t=(e=s[r]).getAttribute("data-secret"))||(t=Math.random().toString(36).substring(2,12),e.src+="#?secret="+t,e.setAttribute("data-secret",t)),e.contentWindow.postMessage({message:"ready",secret:t},"*")},!1)))}(window,document);
//# sourceURL=https://memurunsesi.net/wp-includes/js/wp-embed.min.js
/* ]]> */
</script>

Bartın&#8217;da 2 ay önce kauçuk fabrikasında işe başlayan 38 yaşımdaki özgür Çelik, forkliftten düşerek hayatını kaybetti. Bartın Organize Sanayi Bölgesi&#8217;ndeki bir kauçuk fabrikasında bakım personeli olarak çalışan 38 yaşındaki Özgür Çelik, bakımını yaptığı forkliftten düşerek ağır yaralandı. Ağır yaralanan Çelik, kaldırıldığı Bartın Devlet Hastanesi&#8217;nde tüm müdahalelere rağmen kurtarılamadı. Hayatını kaybeden Çelik&#8217;in bekar olduğu ve 2 [&hellip;]
