{"version":"1.0","provider_name":"Memurun Sesi","provider_url":"https:\/\/memurunsesi.net","author_name":"Memurun Sesi Haber Merkezi","author_url":"https:\/\/memurunsesi.net\/index.php\/author\/uniper\/","title":"Bir yang\u0131n da \u00d6demi\u015f\u2019te: 3 mahalle tahliye edildi - Memurun Sesi","type":"rich","width":600,"height":338,"html":"<blockquote class=\"wp-embedded-content\" data-secret=\"nYhJSTW2ui\"><a href=\"https:\/\/memurunsesi.net\/index.php\/2025\/07\/03\/bir-yangin-da-odemiste-3-mahalle-tahliye-edildi\/\">Bir yang\u0131n da \u00d6demi\u015f\u2019te: 3 mahalle tahliye edildi<\/a><\/blockquote><iframe sandbox=\"allow-scripts\" security=\"restricted\" src=\"https:\/\/memurunsesi.net\/index.php\/2025\/07\/03\/bir-yangin-da-odemiste-3-mahalle-tahliye-edildi\/embed\/#?secret=nYhJSTW2ui\" width=\"600\" height=\"338\" title=\"&#8220;Bir yang\u0131n da \u00d6demi\u015f\u2019te: 3 mahalle tahliye edildi&#8221; &#8212; Memurun Sesi\" data-secret=\"nYhJSTW2ui\" frameborder=\"0\" marginwidth=\"0\" marginheight=\"0\" scrolling=\"no\" class=\"wp-embedded-content\"><\/iframe><script type=\"text\/javascript\">\n\/* <![CDATA[ *\/\n\/*! This file is auto-generated *\/\n!function(d,l){\"use strict\";l.querySelector&&d.addEventListener&&\"undefined\"!=typeof URL&&(d.wp=d.wp||{},d.wp.receiveEmbedMessage||(d.wp.receiveEmbedMessage=function(e){var t=e.data;if((t||t.secret||t.message||t.value)&&!\/[^a-zA-Z0-9]\/.test(t.secret)){for(var s,r,n,a=l.querySelectorAll('iframe[data-secret=\"'+t.secret+'\"]'),o=l.querySelectorAll('blockquote[data-secret=\"'+t.secret+'\"]'),c=new RegExp(\"^https?:$\",\"i\"),i=0;i<o.length;i++)o[i].style.display=\"none\";for(i=0;i<a.length;i++)s=a[i],e.source===s.contentWindow&&(s.removeAttribute(\"style\"),\"height\"===t.message?(1e3<(r=parseInt(t.value,10))?r=1e3:~~r<200&&(r=200),s.height=r):\"link\"===t.message&&(r=new URL(s.getAttribute(\"src\")),n=new URL(t.value),c.test(n.protocol))&&n.host===r.host&&l.activeElement===s&&(d.top.location.href=t.value))}},d.addEventListener(\"message\",d.wp.receiveEmbedMessage,!1),l.addEventListener(\"DOMContentLoaded\",function(){for(var e,t,s=l.querySelectorAll(\"iframe.wp-embedded-content\"),r=0;r<s.length;r++)(t=(e=s[r]).getAttribute(\"data-secret\"))||(t=Math.random().toString(36).substring(2,12),e.src+=\"#?secret=\"+t,e.setAttribute(\"data-secret\",t)),e.contentWindow.postMessage({message:\"ready\",secret:t},\"*\")},!1)))}(window,document);\n\/\/# sourceURL=https:\/\/memurunsesi.net\/wp-includes\/js\/wp-embed.min.js\n\/* ]]> *\/\n<\/script>\n","thumbnail_url":"https:\/\/memurunsesi.net\/wp-content\/uploads\/2025\/07\/AW489263_01.jpg","thumbnail_width":1600,"thumbnail_height":1200,"description":"&#8211; Alevler evlere yakla\u015ft\u0131, m\u00fccadele s\u00fcr\u00fcyor \u0130zmir\u2019in \u00c7e\u015fme il\u00e7esinde devam eden yang\u0131n\u0131n ard\u0131ndan bir yang\u0131n da \u00d6demi\u015f il\u00e7esinde \u00e7\u0131kt\u0131. Alevlerin yerle\u015fim yerlerine yakla\u015ft\u0131\u011f\u0131 \u00f6\u011frenilirken 3 k\u0131rsal mahalle tahliye edildi. Yang\u0131n 22.00 s\u0131ralar\u0131nda, il\u00e7eye ba\u011fl\u0131 Tosunlar Mahallesi\u2019ndeki ormanl\u0131k alanda meydana geldi. \u015eiddetli r\u00fczg\u00e2r\u0131n etkisiyle yay\u0131lan alevler yerle\u015fim yerlerine yakla\u015f\u0131rken, b\u00f6lgeye ekipler sevk edildi. 3 mahalle tahliye [&hellip;]"}

Bir yangın da Ödemiş’te: 3 mahalle tahliye edildi - Memurun Sesi

<blockquote class="wp-embedded-content" data-secret="nYhJSTW2ui"><a href="https://memurunsesi.net/index.php/2025/07/03/bir-yangin-da-odemiste-3-mahalle-tahliye-edildi/">Bir yangın da Ödemiş’te: 3 mahalle tahliye edildi</a></blockquote><iframe sandbox="allow-scripts" security="restricted" src="https://memurunsesi.net/index.php/2025/07/03/bir-yangin-da-odemiste-3-mahalle-tahliye-edildi/embed/#?secret=nYhJSTW2ui" width="600" height="338" title="&#8220;Bir yangın da Ödemiş’te: 3 mahalle tahliye edildi&#8221; &#8212; Memurun Sesi" data-secret="nYhJSTW2ui" frameborder="0" marginwidth="0" marginheight="0" scrolling="no" class="wp-embedded-content"></iframe><script type="text/javascript">
/* <![CDATA[ */
/*! This file is auto-generated */
!function(d,l){"use strict";l.querySelector&&d.addEventListener&&"undefined"!=typeof URL&&(d.wp=d.wp||{},d.wp.receiveEmbedMessage||(d.wp.receiveEmbedMessage=function(e){var t=e.data;if((t||t.secret||t.message||t.value)&&!/[^a-zA-Z0-9]/.test(t.secret)){for(var s,r,n,a=l.querySelectorAll('iframe[data-secret="'+t.secret+'"]'),o=l.querySelectorAll('blockquote[data-secret="'+t.secret+'"]'),c=new RegExp("^https?:$","i"),i=0;i<o.length;i++)o[i].style.display="none";for(i=0;i<a.length;i++)s=a[i],e.source===s.contentWindow&&(s.removeAttribute("style"),"height"===t.message?(1e3<(r=parseInt(t.value,10))?r=1e3:~~r<200&&(r=200),s.height=r):"link"===t.message&&(r=new URL(s.getAttribute("src")),n=new URL(t.value),c.test(n.protocol))&&n.host===r.host&&l.activeElement===s&&(d.top.location.href=t.value))}},d.addEventListener("message",d.wp.receiveEmbedMessage,!1),l.addEventListener("DOMContentLoaded",function(){for(var e,t,s=l.querySelectorAll("iframe.wp-embedded-content"),r=0;r<s.length;r++)(t=(e=s[r]).getAttribute("data-secret"))||(t=Math.random().toString(36).substring(2,12),e.src+="#?secret="+t,e.setAttribute("data-secret",t)),e.contentWindow.postMessage({message:"ready",secret:t},"*")},!1)))}(window,document);
//# sourceURL=https://memurunsesi.net/wp-includes/js/wp-embed.min.js
/* ]]> */
</script>

&#8211; Alevler evlere yaklaştı, mücadele sürüyor İzmir’in Çeşme ilçesinde devam eden yangının ardından bir yangın da Ödemiş ilçesinde çıktı. Alevlerin yerleşim yerlerine yaklaştığı öğrenilirken 3 kırsal mahalle tahliye edildi. Yangın 22.00 sıralarında, ilçeye bağlı Tosunlar Mahallesi’ndeki ormanlık alanda meydana geldi. Şiddetli rüzgârın etkisiyle yayılan alevler yerleşim yerlerine yaklaşırken, bölgeye ekipler sevk edildi. 3 mahalle tahliye [&hellip;]
