{"version":"1.0","provider_name":"Memurun Sesi","provider_url":"https:\/\/memurunsesi.net","author_name":"Memurun Sesi Haber Merkezi","author_url":"https:\/\/memurunsesi.net\/index.php\/author\/uniper\/","title":"\u00c7ay\u0131rova'da i\u015flenen cinayetin zanl\u0131s\u0131 tutukland\u0131 - Memurun Sesi","type":"rich","width":600,"height":338,"html":"<blockquote class=\"wp-embedded-content\" data-secret=\"iWlKePgMF6\"><a href=\"https:\/\/memurunsesi.net\/index.php\/2025\/07\/05\/cayirovada-islenen-cinayetin-zanlisi-tutuklandi\/\">\u00c7ay\u0131rova&#8217;da i\u015flenen cinayetin zanl\u0131s\u0131 tutukland\u0131<\/a><\/blockquote><iframe sandbox=\"allow-scripts\" security=\"restricted\" src=\"https:\/\/memurunsesi.net\/index.php\/2025\/07\/05\/cayirovada-islenen-cinayetin-zanlisi-tutuklandi\/embed\/#?secret=iWlKePgMF6\" width=\"600\" height=\"338\" title=\"&#8220;\u00c7ay\u0131rova&#8217;da i\u015flenen cinayetin zanl\u0131s\u0131 tutukland\u0131&#8221; &#8212; Memurun Sesi\" data-secret=\"iWlKePgMF6\" frameborder=\"0\" marginwidth=\"0\" marginheight=\"0\" scrolling=\"no\" class=\"wp-embedded-content\"><\/iframe><script type=\"text\/javascript\">\n\/* <![CDATA[ *\/\n\/*! This file is auto-generated *\/\n!function(d,l){\"use strict\";l.querySelector&&d.addEventListener&&\"undefined\"!=typeof URL&&(d.wp=d.wp||{},d.wp.receiveEmbedMessage||(d.wp.receiveEmbedMessage=function(e){var t=e.data;if((t||t.secret||t.message||t.value)&&!\/[^a-zA-Z0-9]\/.test(t.secret)){for(var s,r,n,a=l.querySelectorAll('iframe[data-secret=\"'+t.secret+'\"]'),o=l.querySelectorAll('blockquote[data-secret=\"'+t.secret+'\"]'),c=new RegExp(\"^https?:$\",\"i\"),i=0;i<o.length;i++)o[i].style.display=\"none\";for(i=0;i<a.length;i++)s=a[i],e.source===s.contentWindow&&(s.removeAttribute(\"style\"),\"height\"===t.message?(1e3<(r=parseInt(t.value,10))?r=1e3:~~r<200&&(r=200),s.height=r):\"link\"===t.message&&(r=new URL(s.getAttribute(\"src\")),n=new URL(t.value),c.test(n.protocol))&&n.host===r.host&&l.activeElement===s&&(d.top.location.href=t.value))}},d.addEventListener(\"message\",d.wp.receiveEmbedMessage,!1),l.addEventListener(\"DOMContentLoaded\",function(){for(var e,t,s=l.querySelectorAll(\"iframe.wp-embedded-content\"),r=0;r<s.length;r++)(t=(e=s[r]).getAttribute(\"data-secret\"))||(t=Math.random().toString(36).substring(2,12),e.src+=\"#?secret=\"+t,e.setAttribute(\"data-secret\",t)),e.contentWindow.postMessage({message:\"ready\",secret:t},\"*\")},!1)))}(window,document);\n\/\/# sourceURL=https:\/\/memurunsesi.net\/wp-includes\/js\/wp-embed.min.js\n\/* ]]> *\/\n<\/script>\n","thumbnail_url":"https:\/\/memurunsesi.net\/wp-content\/uploads\/2025\/07\/AW490789_01.jpg","thumbnail_width":1600,"thumbnail_height":900,"description":"Kocaeli&#8217;nin \u00c7ay\u0131rova il\u00e7esinde tart\u0131\u015ft\u0131\u011f\u0131 \u015fahs\u0131 b\u0131\u00e7aklayarak \u00f6ld\u00fcren zanl\u0131 tutukland\u0131. Olay, \u00f6nceki g\u00fcn Yenimahalle Fatih Caddesi&#8217;ndeki elektrik\u00e7ide meydana geldi. \u0130ddiaya g\u00f6re i\u015f yeri sahibi D.Y. ile G.O. aras\u0131nda tart\u0131\u015fma \u00e7\u0131kt\u0131. B\u0131\u00e7akla baca\u011f\u0131ndan yaralanan G.O. kald\u0131r\u0131ld\u0131\u011f\u0131 Gebze Fatih Devlet Hastanesi&#8217;nde hayat\u0131n\u0131 kaybetti. Olay\u0131n ard\u0131ndan zanl\u0131 D.Y. Kocaeli Emniyet M\u00fcd\u00fcrl\u00fc\u011f\u00fc ekipleri taraf\u0131ndan g\u00f6zalt\u0131na al\u0131nd\u0131. Gebze Adliyesi&#8217;ne sevk edilen [&hellip;]"}

Çayırova'da işlenen cinayetin zanlısı tutuklandı - Memurun Sesi

<blockquote class="wp-embedded-content" data-secret="iWlKePgMF6"><a href="https://memurunsesi.net/index.php/2025/07/05/cayirovada-islenen-cinayetin-zanlisi-tutuklandi/">Çayırova&#8217;da işlenen cinayetin zanlısı tutuklandı</a></blockquote><iframe sandbox="allow-scripts" security="restricted" src="https://memurunsesi.net/index.php/2025/07/05/cayirovada-islenen-cinayetin-zanlisi-tutuklandi/embed/#?secret=iWlKePgMF6" width="600" height="338" title="&#8220;Çayırova&#8217;da işlenen cinayetin zanlısı tutuklandı&#8221; &#8212; Memurun Sesi" data-secret="iWlKePgMF6" frameborder="0" marginwidth="0" marginheight="0" scrolling="no" class="wp-embedded-content"></iframe><script type="text/javascript">
/* <![CDATA[ */
/*! This file is auto-generated */
!function(d,l){"use strict";l.querySelector&&d.addEventListener&&"undefined"!=typeof URL&&(d.wp=d.wp||{},d.wp.receiveEmbedMessage||(d.wp.receiveEmbedMessage=function(e){var t=e.data;if((t||t.secret||t.message||t.value)&&!/[^a-zA-Z0-9]/.test(t.secret)){for(var s,r,n,a=l.querySelectorAll('iframe[data-secret="'+t.secret+'"]'),o=l.querySelectorAll('blockquote[data-secret="'+t.secret+'"]'),c=new RegExp("^https?:$","i"),i=0;i<o.length;i++)o[i].style.display="none";for(i=0;i<a.length;i++)s=a[i],e.source===s.contentWindow&&(s.removeAttribute("style"),"height"===t.message?(1e3<(r=parseInt(t.value,10))?r=1e3:~~r<200&&(r=200),s.height=r):"link"===t.message&&(r=new URL(s.getAttribute("src")),n=new URL(t.value),c.test(n.protocol))&&n.host===r.host&&l.activeElement===s&&(d.top.location.href=t.value))}},d.addEventListener("message",d.wp.receiveEmbedMessage,!1),l.addEventListener("DOMContentLoaded",function(){for(var e,t,s=l.querySelectorAll("iframe.wp-embedded-content"),r=0;r<s.length;r++)(t=(e=s[r]).getAttribute("data-secret"))||(t=Math.random().toString(36).substring(2,12),e.src+="#?secret="+t,e.setAttribute("data-secret",t)),e.contentWindow.postMessage({message:"ready",secret:t},"*")},!1)))}(window,document);
//# sourceURL=https://memurunsesi.net/wp-includes/js/wp-embed.min.js
/* ]]> */
</script>

Kocaeli&#8217;nin Çayırova ilçesinde tartıştığı şahsı bıçaklayarak öldüren zanlı tutuklandı. Olay, önceki gün Yenimahalle Fatih Caddesi&#8217;ndeki elektrikçide meydana geldi. İddiaya göre iş yeri sahibi D.Y. ile G.O. arasında tartışma çıktı. Bıçakla bacağından yaralanan G.O. kaldırıldığı Gebze Fatih Devlet Hastanesi&#8217;nde hayatını kaybetti. Olayın ardından zanlı D.Y. Kocaeli Emniyet Müdürlüğü ekipleri tarafından gözaltına alındı. Gebze Adliyesi&#8217;ne sevk edilen [&hellip;]
