{"version":"1.0","provider_name":"Memurun Sesi","provider_url":"https:\/\/memurunsesi.net","author_name":"Memurun Sesi Haber Merkezi","author_url":"https:\/\/memurunsesi.net\/index.php\/author\/uniper\/","title":"\u015easi hilesiyle su\u00e7 a\u011f\u0131na darbe: 6 tutuklama - Memurun Sesi","type":"rich","width":600,"height":338,"html":"<blockquote class=\"wp-embedded-content\" data-secret=\"hlVUnxrkpD\"><a href=\"https:\/\/memurunsesi.net\/index.php\/2025\/07\/10\/sasi-hilesiyle-suc-agina-darbe-6-tutuklama\/\">\u015easi hilesiyle su\u00e7 a\u011f\u0131na darbe: 6 tutuklama<\/a><\/blockquote><iframe sandbox=\"allow-scripts\" security=\"restricted\" src=\"https:\/\/memurunsesi.net\/index.php\/2025\/07\/10\/sasi-hilesiyle-suc-agina-darbe-6-tutuklama\/embed\/#?secret=hlVUnxrkpD\" width=\"600\" height=\"338\" title=\"&#8220;\u015easi hilesiyle su\u00e7 a\u011f\u0131na darbe: 6 tutuklama&#8221; &#8212; Memurun Sesi\" data-secret=\"hlVUnxrkpD\" frameborder=\"0\" marginwidth=\"0\" marginheight=\"0\" scrolling=\"no\" class=\"wp-embedded-content\"><\/iframe><script type=\"text\/javascript\">\n\/* <![CDATA[ *\/\n\/*! This file is auto-generated *\/\n!function(d,l){\"use strict\";l.querySelector&&d.addEventListener&&\"undefined\"!=typeof URL&&(d.wp=d.wp||{},d.wp.receiveEmbedMessage||(d.wp.receiveEmbedMessage=function(e){var t=e.data;if((t||t.secret||t.message||t.value)&&!\/[^a-zA-Z0-9]\/.test(t.secret)){for(var s,r,n,a=l.querySelectorAll('iframe[data-secret=\"'+t.secret+'\"]'),o=l.querySelectorAll('blockquote[data-secret=\"'+t.secret+'\"]'),c=new RegExp(\"^https?:$\",\"i\"),i=0;i<o.length;i++)o[i].style.display=\"none\";for(i=0;i<a.length;i++)s=a[i],e.source===s.contentWindow&&(s.removeAttribute(\"style\"),\"height\"===t.message?(1e3<(r=parseInt(t.value,10))?r=1e3:~~r<200&&(r=200),s.height=r):\"link\"===t.message&&(r=new URL(s.getAttribute(\"src\")),n=new URL(t.value),c.test(n.protocol))&&n.host===r.host&&l.activeElement===s&&(d.top.location.href=t.value))}},d.addEventListener(\"message\",d.wp.receiveEmbedMessage,!1),l.addEventListener(\"DOMContentLoaded\",function(){for(var e,t,s=l.querySelectorAll(\"iframe.wp-embedded-content\"),r=0;r<s.length;r++)(t=(e=s[r]).getAttribute(\"data-secret\"))||(t=Math.random().toString(36).substring(2,12),e.src+=\"#?secret=\"+t,e.setAttribute(\"data-secret\",t)),e.contentWindow.postMessage({message:\"ready\",secret:t},\"*\")},!1)))}(window,document);\n\/\/# sourceURL=https:\/\/memurunsesi.net\/wp-includes\/js\/wp-embed.min.js\n\/* ]]> *\/\n<\/script>\n","thumbnail_url":"https:\/\/memurunsesi.net\/wp-content\/uploads\/2025\/07\/AW494011_01.jpg","thumbnail_width":2560,"thumbnail_height":1920,"description":"&#8211; Konya&#8217;da d\u00fczenlenen operasyonla 15 milyon liral\u0131k kamu zarar\u0131 \u00f6nlendi Konya&#8217;da \u00e7al\u0131nt\u0131 ve g\u00fcmr\u00fck ka\u00e7a\u011f\u0131 ara\u00e7lar\u0131n \u015fasi numaralar\u0131n\u0131 de\u011fi\u015ftirerek satan su\u00e7 a\u011f\u0131na y\u00f6nelik d\u00fczenlenen operasyonda g\u00f6zalt\u0131na al\u0131nan 10 \u015f\u00fcpheliden 6&#8217;s\u0131 tutukland\u0131. Edinilen bilgiye g\u00f6re, Konya Emniyet M\u00fcd\u00fcrl\u00fc\u011f\u00fc Asayi\u015f \u015eube M\u00fcd\u00fcrl\u00fc\u011f\u00fc Oto H\u0131rs\u0131zl\u0131\u011f\u0131 B\u00fcro Amirli\u011fi&#8217;nce yap\u0131lan \u00e7al\u0131\u015fmalarda deprem, trafik kazas\u0131 ve ara\u00e7 yang\u0131n\u0131 sonucu a\u011f\u0131r hasar [&hellip;]"}

Şasi hilesiyle suç ağına darbe: 6 tutuklama - Memurun Sesi

<blockquote class="wp-embedded-content" data-secret="hlVUnxrkpD"><a href="https://memurunsesi.net/index.php/2025/07/10/sasi-hilesiyle-suc-agina-darbe-6-tutuklama/">Şasi hilesiyle suç ağına darbe: 6 tutuklama</a></blockquote><iframe sandbox="allow-scripts" security="restricted" src="https://memurunsesi.net/index.php/2025/07/10/sasi-hilesiyle-suc-agina-darbe-6-tutuklama/embed/#?secret=hlVUnxrkpD" width="600" height="338" title="&#8220;Şasi hilesiyle suç ağına darbe: 6 tutuklama&#8221; &#8212; Memurun Sesi" data-secret="hlVUnxrkpD" frameborder="0" marginwidth="0" marginheight="0" scrolling="no" class="wp-embedded-content"></iframe><script type="text/javascript">
/* <![CDATA[ */
/*! This file is auto-generated */
!function(d,l){"use strict";l.querySelector&&d.addEventListener&&"undefined"!=typeof URL&&(d.wp=d.wp||{},d.wp.receiveEmbedMessage||(d.wp.receiveEmbedMessage=function(e){var t=e.data;if((t||t.secret||t.message||t.value)&&!/[^a-zA-Z0-9]/.test(t.secret)){for(var s,r,n,a=l.querySelectorAll('iframe[data-secret="'+t.secret+'"]'),o=l.querySelectorAll('blockquote[data-secret="'+t.secret+'"]'),c=new RegExp("^https?:$","i"),i=0;i<o.length;i++)o[i].style.display="none";for(i=0;i<a.length;i++)s=a[i],e.source===s.contentWindow&&(s.removeAttribute("style"),"height"===t.message?(1e3<(r=parseInt(t.value,10))?r=1e3:~~r<200&&(r=200),s.height=r):"link"===t.message&&(r=new URL(s.getAttribute("src")),n=new URL(t.value),c.test(n.protocol))&&n.host===r.host&&l.activeElement===s&&(d.top.location.href=t.value))}},d.addEventListener("message",d.wp.receiveEmbedMessage,!1),l.addEventListener("DOMContentLoaded",function(){for(var e,t,s=l.querySelectorAll("iframe.wp-embedded-content"),r=0;r<s.length;r++)(t=(e=s[r]).getAttribute("data-secret"))||(t=Math.random().toString(36).substring(2,12),e.src+="#?secret="+t,e.setAttribute("data-secret",t)),e.contentWindow.postMessage({message:"ready",secret:t},"*")},!1)))}(window,document);
//# sourceURL=https://memurunsesi.net/wp-includes/js/wp-embed.min.js
/* ]]> */
</script>

&#8211; Konya&#8217;da düzenlenen operasyonla 15 milyon liralık kamu zararı önlendi Konya&#8217;da çalıntı ve gümrük kaçağı araçların şasi numaralarını değiştirerek satan suç ağına yönelik düzenlenen operasyonda gözaltına alınan 10 şüpheliden 6&#8217;sı tutuklandı. Edinilen bilgiye göre, Konya Emniyet Müdürlüğü Asayiş Şube Müdürlüğü Oto Hırsızlığı Büro Amirliği&#8217;nce yapılan çalışmalarda deprem, trafik kazası ve araç yangını sonucu ağır hasar [&hellip;]
