{"version":"1.0","provider_name":"Memurun Sesi","provider_url":"https:\/\/memurunsesi.net","author_name":"Memurun Sesi Haber Merkezi","author_url":"https:\/\/memurunsesi.net\/index.php\/author\/uniper\/","title":"\u0130zmir'de motosiklet ile otomobil \u00e7arp\u0131\u015ft\u0131: 1 \u00f6l\u00fc - Memurun Sesi","type":"rich","width":600,"height":338,"html":"<blockquote class=\"wp-embedded-content\" data-secret=\"f0WeAGxipl\"><a href=\"https:\/\/memurunsesi.net\/index.php\/2025\/07\/26\/izmirde-motosiklet-ile-otomobil-carpisti-1-olu\/\">\u0130zmir&#8217;de motosiklet ile otomobil \u00e7arp\u0131\u015ft\u0131: 1 \u00f6l\u00fc<\/a><\/blockquote><iframe sandbox=\"allow-scripts\" security=\"restricted\" src=\"https:\/\/memurunsesi.net\/index.php\/2025\/07\/26\/izmirde-motosiklet-ile-otomobil-carpisti-1-olu\/embed\/#?secret=f0WeAGxipl\" width=\"600\" height=\"338\" title=\"&#8220;\u0130zmir&#8217;de motosiklet ile otomobil \u00e7arp\u0131\u015ft\u0131: 1 \u00f6l\u00fc&#8221; &#8212; Memurun Sesi\" data-secret=\"f0WeAGxipl\" frameborder=\"0\" marginwidth=\"0\" marginheight=\"0\" scrolling=\"no\" class=\"wp-embedded-content\"><\/iframe><script type=\"text\/javascript\">\n\/* <![CDATA[ *\/\n\/*! This file is auto-generated *\/\n!function(d,l){\"use strict\";l.querySelector&&d.addEventListener&&\"undefined\"!=typeof URL&&(d.wp=d.wp||{},d.wp.receiveEmbedMessage||(d.wp.receiveEmbedMessage=function(e){var t=e.data;if((t||t.secret||t.message||t.value)&&!\/[^a-zA-Z0-9]\/.test(t.secret)){for(var s,r,n,a=l.querySelectorAll('iframe[data-secret=\"'+t.secret+'\"]'),o=l.querySelectorAll('blockquote[data-secret=\"'+t.secret+'\"]'),c=new RegExp(\"^https?:$\",\"i\"),i=0;i<o.length;i++)o[i].style.display=\"none\";for(i=0;i<a.length;i++)s=a[i],e.source===s.contentWindow&&(s.removeAttribute(\"style\"),\"height\"===t.message?(1e3<(r=parseInt(t.value,10))?r=1e3:~~r<200&&(r=200),s.height=r):\"link\"===t.message&&(r=new URL(s.getAttribute(\"src\")),n=new URL(t.value),c.test(n.protocol))&&n.host===r.host&&l.activeElement===s&&(d.top.location.href=t.value))}},d.addEventListener(\"message\",d.wp.receiveEmbedMessage,!1),l.addEventListener(\"DOMContentLoaded\",function(){for(var e,t,s=l.querySelectorAll(\"iframe.wp-embedded-content\"),r=0;r<s.length;r++)(t=(e=s[r]).getAttribute(\"data-secret\"))||(t=Math.random().toString(36).substring(2,12),e.src+=\"#?secret=\"+t,e.setAttribute(\"data-secret\",t)),e.contentWindow.postMessage({message:\"ready\",secret:t},\"*\")},!1)))}(window,document);\n\/\/# sourceURL=https:\/\/memurunsesi.net\/wp-includes\/js\/wp-embed.min.js\n\/* ]]> *\/\n<\/script>\n","thumbnail_url":"https:\/\/memurunsesi.net\/wp-content\/uploads\/2025\/07\/AW504627_04.jpg","thumbnail_width":1536,"thumbnail_height":2048,"description":"\u0130zmir&#8217;in Seferihisar il\u00e7esinde motosiklet ile otomobilin \u00e7arp\u0131\u015fmas\u0131 sonucunda meydana gelen trafik kazas\u0131nda 1 ki\u015fi hayat\u0131n\u0131 kaybetti . Kaza gece saatlerinde Kusadas\u0131 Caddesi&#8217;nde meydana geldi. Edinilen bilgilere g\u00f6re Hasan Karazeybek&#8217;in (43) idaresindeki motosiklet, P.D. y\u00f6netimindeki 17 FR 405 plakal\u0131 otomobile arkadan \u00e7arpt\u0131. \u00c7arp\u0131\u015fman\u0131n etkisiyle motosiklet s\u00fcr\u00fcc\u00fcs\u00fc Hasan Karazeybek yola savruldu. \u00c7evredeki vatanda\u015flar\u0131n ihbar\u0131 \u00fczerine 112 Acil [&hellip;]"}

İzmir'de motosiklet ile otomobil çarpıştı: 1 ölü - Memurun Sesi

<blockquote class="wp-embedded-content" data-secret="f0WeAGxipl"><a href="https://memurunsesi.net/index.php/2025/07/26/izmirde-motosiklet-ile-otomobil-carpisti-1-olu/">İzmir&#8217;de motosiklet ile otomobil çarpıştı: 1 ölü</a></blockquote><iframe sandbox="allow-scripts" security="restricted" src="https://memurunsesi.net/index.php/2025/07/26/izmirde-motosiklet-ile-otomobil-carpisti-1-olu/embed/#?secret=f0WeAGxipl" width="600" height="338" title="&#8220;İzmir&#8217;de motosiklet ile otomobil çarpıştı: 1 ölü&#8221; &#8212; Memurun Sesi" data-secret="f0WeAGxipl" frameborder="0" marginwidth="0" marginheight="0" scrolling="no" class="wp-embedded-content"></iframe><script type="text/javascript">
/* <![CDATA[ */
/*! This file is auto-generated */
!function(d,l){"use strict";l.querySelector&&d.addEventListener&&"undefined"!=typeof URL&&(d.wp=d.wp||{},d.wp.receiveEmbedMessage||(d.wp.receiveEmbedMessage=function(e){var t=e.data;if((t||t.secret||t.message||t.value)&&!/[^a-zA-Z0-9]/.test(t.secret)){for(var s,r,n,a=l.querySelectorAll('iframe[data-secret="'+t.secret+'"]'),o=l.querySelectorAll('blockquote[data-secret="'+t.secret+'"]'),c=new RegExp("^https?:$","i"),i=0;i<o.length;i++)o[i].style.display="none";for(i=0;i<a.length;i++)s=a[i],e.source===s.contentWindow&&(s.removeAttribute("style"),"height"===t.message?(1e3<(r=parseInt(t.value,10))?r=1e3:~~r<200&&(r=200),s.height=r):"link"===t.message&&(r=new URL(s.getAttribute("src")),n=new URL(t.value),c.test(n.protocol))&&n.host===r.host&&l.activeElement===s&&(d.top.location.href=t.value))}},d.addEventListener("message",d.wp.receiveEmbedMessage,!1),l.addEventListener("DOMContentLoaded",function(){for(var e,t,s=l.querySelectorAll("iframe.wp-embedded-content"),r=0;r<s.length;r++)(t=(e=s[r]).getAttribute("data-secret"))||(t=Math.random().toString(36).substring(2,12),e.src+="#?secret="+t,e.setAttribute("data-secret",t)),e.contentWindow.postMessage({message:"ready",secret:t},"*")},!1)))}(window,document);
//# sourceURL=https://memurunsesi.net/wp-includes/js/wp-embed.min.js
/* ]]> */
</script>

İzmir&#8217;in Seferihisar ilçesinde motosiklet ile otomobilin çarpışması sonucunda meydana gelen trafik kazasında 1 kişi hayatını kaybetti . Kaza gece saatlerinde Kusadası Caddesi&#8217;nde meydana geldi. Edinilen bilgilere göre Hasan Karazeybek&#8217;in (43) idaresindeki motosiklet, P.D. yönetimindeki 17 FR 405 plakalı otomobile arkadan çarptı. Çarpışmanın etkisiyle motosiklet sürücüsü Hasan Karazeybek yola savruldu. Çevredeki vatandaşların ihbarı üzerine 112 Acil [&hellip;]
