{"version":"1.0","provider_name":"Memurun Sesi","provider_url":"https:\/\/memurunsesi.net","author_name":"Memurun Sesi Haber Merkezi","author_url":"https:\/\/memurunsesi.net\/index.php\/author\/uniper\/","title":"K\u0131rklareli'nden Gazze'ye destek y\u00fcr\u00fcy\u00fc\u015f\u00fc - Memurun Sesi","type":"rich","width":600,"height":338,"html":"<blockquote class=\"wp-embedded-content\" data-secret=\"7LUnCJdQQb\"><a href=\"https:\/\/memurunsesi.net\/index.php\/2025\/10\/17\/kirklarelinden-gazzeye-destek-yuruyusu\/\">K\u0131rklareli&#8217;nden Gazze&#8217;ye destek y\u00fcr\u00fcy\u00fc\u015f\u00fc<\/a><\/blockquote><iframe sandbox=\"allow-scripts\" security=\"restricted\" src=\"https:\/\/memurunsesi.net\/index.php\/2025\/10\/17\/kirklarelinden-gazzeye-destek-yuruyusu\/embed\/#?secret=7LUnCJdQQb\" width=\"600\" height=\"338\" title=\"&#8220;K\u0131rklareli&#8217;nden Gazze&#8217;ye destek y\u00fcr\u00fcy\u00fc\u015f\u00fc&#8221; &#8212; Memurun Sesi\" data-secret=\"7LUnCJdQQb\" frameborder=\"0\" marginwidth=\"0\" marginheight=\"0\" scrolling=\"no\" class=\"wp-embedded-content\"><\/iframe><script type=\"text\/javascript\">\n\/* <![CDATA[ *\/\n\/*! This file is auto-generated *\/\n!function(d,l){\"use strict\";l.querySelector&&d.addEventListener&&\"undefined\"!=typeof URL&&(d.wp=d.wp||{},d.wp.receiveEmbedMessage||(d.wp.receiveEmbedMessage=function(e){var t=e.data;if((t||t.secret||t.message||t.value)&&!\/[^a-zA-Z0-9]\/.test(t.secret)){for(var s,r,n,a=l.querySelectorAll('iframe[data-secret=\"'+t.secret+'\"]'),o=l.querySelectorAll('blockquote[data-secret=\"'+t.secret+'\"]'),c=new RegExp(\"^https?:$\",\"i\"),i=0;i<o.length;i++)o[i].style.display=\"none\";for(i=0;i<a.length;i++)s=a[i],e.source===s.contentWindow&&(s.removeAttribute(\"style\"),\"height\"===t.message?(1e3<(r=parseInt(t.value,10))?r=1e3:~~r<200&&(r=200),s.height=r):\"link\"===t.message&&(r=new URL(s.getAttribute(\"src\")),n=new URL(t.value),c.test(n.protocol))&&n.host===r.host&&l.activeElement===s&&(d.top.location.href=t.value))}},d.addEventListener(\"message\",d.wp.receiveEmbedMessage,!1),l.addEventListener(\"DOMContentLoaded\",function(){for(var e,t,s=l.querySelectorAll(\"iframe.wp-embedded-content\"),r=0;r<s.length;r++)(t=(e=s[r]).getAttribute(\"data-secret\"))||(t=Math.random().toString(36).substring(2,12),e.src+=\"#?secret=\"+t,e.setAttribute(\"data-secret\",t)),e.contentWindow.postMessage({message:\"ready\",secret:t},\"*\")},!1)))}(window,document);\n\/\/# sourceURL=https:\/\/memurunsesi.net\/wp-includes\/js\/wp-embed.min.js\n\/* ]]> *\/\n<\/script>\n","thumbnail_url":"https:\/\/memurunsesi.net\/wp-content\/uploads\/2025\/10\/AW560323_01-scaled.jpg","thumbnail_width":2560,"thumbnail_height":1441,"description":"K\u0131rklareli&#8217;nde Gazze&#8217;ye destek y\u00fcr\u00fcy\u00fc\u015f\u00fc yap\u0131ld\u0131, y\u00fcr\u00fcy\u00fc\u015fte metrelerce bayrak a\u00e7\u0131ld\u0131. K\u0131rklareli&#8217;de Filistin&#8217;e Destek Platformu taraf\u0131ndan Gazze&#8217;ye destek y\u00fcr\u00fcy\u00fc\u015f\u00fc ger\u00e7ekle\u015fti. Karag\u00f6z Park\u0131 \u00f6n\u00fcnde toplanan vatanda\u015flar Millet Bah\u00e7esine y\u00fcr\u00fcd\u00fc. Y\u00fcr\u00fcy\u00fc\u015fte metrelerce T\u00fcrk bayra\u011f\u0131 a\u00e7\u0131ld\u0131, sloganlar at\u0131ld\u0131. Millet Bah\u00e7esinde topluluk ad\u0131na bas\u0131n a\u00e7\u0131klamas\u0131 yapan Kadir Metin Akba\u015f, Gazze&#8217;ye destek vermek i\u00e7in y\u00fcr\u00fcd\u00fcklarini ifade ederek Gazze&#8217;nin pazarl\u0131k konsu olmad\u0131\u011f\u0131n\u0131 insanl\u0131k [&hellip;]"}

Kırklareli'nden Gazze'ye destek yürüyüşü - Memurun Sesi

<blockquote class="wp-embedded-content" data-secret="7LUnCJdQQb"><a href="https://memurunsesi.net/index.php/2025/10/17/kirklarelinden-gazzeye-destek-yuruyusu/">Kırklareli&#8217;nden Gazze&#8217;ye destek yürüyüşü</a></blockquote><iframe sandbox="allow-scripts" security="restricted" src="https://memurunsesi.net/index.php/2025/10/17/kirklarelinden-gazzeye-destek-yuruyusu/embed/#?secret=7LUnCJdQQb" width="600" height="338" title="&#8220;Kırklareli&#8217;nden Gazze&#8217;ye destek yürüyüşü&#8221; &#8212; Memurun Sesi" data-secret="7LUnCJdQQb" frameborder="0" marginwidth="0" marginheight="0" scrolling="no" class="wp-embedded-content"></iframe><script type="text/javascript">
/* <![CDATA[ */
/*! This file is auto-generated */
!function(d,l){"use strict";l.querySelector&&d.addEventListener&&"undefined"!=typeof URL&&(d.wp=d.wp||{},d.wp.receiveEmbedMessage||(d.wp.receiveEmbedMessage=function(e){var t=e.data;if((t||t.secret||t.message||t.value)&&!/[^a-zA-Z0-9]/.test(t.secret)){for(var s,r,n,a=l.querySelectorAll('iframe[data-secret="'+t.secret+'"]'),o=l.querySelectorAll('blockquote[data-secret="'+t.secret+'"]'),c=new RegExp("^https?:$","i"),i=0;i<o.length;i++)o[i].style.display="none";for(i=0;i<a.length;i++)s=a[i],e.source===s.contentWindow&&(s.removeAttribute("style"),"height"===t.message?(1e3<(r=parseInt(t.value,10))?r=1e3:~~r<200&&(r=200),s.height=r):"link"===t.message&&(r=new URL(s.getAttribute("src")),n=new URL(t.value),c.test(n.protocol))&&n.host===r.host&&l.activeElement===s&&(d.top.location.href=t.value))}},d.addEventListener("message",d.wp.receiveEmbedMessage,!1),l.addEventListener("DOMContentLoaded",function(){for(var e,t,s=l.querySelectorAll("iframe.wp-embedded-content"),r=0;r<s.length;r++)(t=(e=s[r]).getAttribute("data-secret"))||(t=Math.random().toString(36).substring(2,12),e.src+="#?secret="+t,e.setAttribute("data-secret",t)),e.contentWindow.postMessage({message:"ready",secret:t},"*")},!1)))}(window,document);
//# sourceURL=https://memurunsesi.net/wp-includes/js/wp-embed.min.js
/* ]]> */
</script>

Kırklareli&#8217;nde Gazze&#8217;ye destek yürüyüşü yapıldı, yürüyüşte metrelerce bayrak açıldı. Kırklareli&#8217;de Filistin&#8217;e Destek Platformu tarafından Gazze&#8217;ye destek yürüyüşü gerçekleşti. Karagöz Parkı önünde toplanan vatandaşlar Millet Bahçesine yürüdü. Yürüyüşte metrelerce Türk bayrağı açıldı, sloganlar atıldı. Millet Bahçesinde topluluk adına basın açıklaması yapan Kadir Metin Akbaş, Gazze&#8217;ye destek vermek için yürüdüklarini ifade ederek Gazze&#8217;nin pazarlık konsu olmadığını insanlık [&hellip;]
